{"id":1813,"date":"2025-05-12T23:23:05","date_gmt":"2025-05-12T20:23:05","guid":{"rendered":"https:\/\/aivina.lt\/?post_type=product&#038;p=1813"},"modified":"2025-10-26T14:15:41","modified_gmt":"2025-10-26T12:15:41","slug":"chogan-brilgrill-orkaiciu-valiklis-750-ml","status":"publish","type":"product","link":"https:\/\/aivina.lt\/?product=chogan-brilgrill-orkaiciu-valiklis-750-ml","title":{"rendered":"Chogan Brilgrill orkai\u010di\u0173 valiklis- 750 ml"},"content":{"rendered":"<div>Brilgrill yra \u0161arminis riebalus \u0161alinantis ploviklis, sukurtas pa\u0161alinti riebius ir apdegusius gaminimo liku\u010dius i\u0161 orkai\u010di\u0173, gartrauki\u0173, groteli\u0173, kaitlen\u010di\u0173, skrudintuv\u0173 ir kt.<br \/>\nJis buvo specialiai sukurtas taip, kad efektyviai ir greitai \u012fsiskverbt\u0173 \u012f kietus riebius liku\u010dius bei ne\u0161varumus ir sumink\u0161tint\u0173 juos.<\/div>\n<div><\/div>\n<div>Naudojimas :<\/div>\n<div>Orkait\u0117s<\/div>\n<div>\u012ekaitinkite orkait\u0119 (90\u00b0C), tada i\u0161junkite. U\u017epurk\u0161kite ploviklio, leisdami jam prilipti prie sien\u0173, tada u\u017edarykite orkait\u0119 ir leiskite produktui veikti 10 minu\u010di\u0173.<\/div>\n<div>Nuvalykite su \u0161veitimo \u0161luoste ir nuplaukite vandeniu, naudodami kempin\u0119 arba skudur\u0117l\u012f. \u012ekaitinkite orkait\u0119 ir leiskite jai veikti 10 minu\u010di\u0173 prie\u0161 kit\u0105 naudojim\u0105.<\/div>\n<div><\/div>\n<div>Kepsnin\u0117s<\/div>\n<div>U\u017epurk\u0161kite ant groteli\u0173 ir palikite 10 min.; nuvalykite su \u0161veitimo \u0161luoste, tada nuplaukite vandeniu. \u012ejunkite gril\u012f ir leiskite jam veikti 10 minu\u010di\u0173 prie\u0161 kit\u0105 naudojim\u0105.<\/div>\n<div><\/div>\n<div>Tokiu pat principu galima naudoti puod\u0173, keptuvi\u0173 dugnams valyti. \u012ekaitinti-u\u017epurk\u0161i-nu\u0161veisti-nuplauti.<\/div>\n<div><\/div>\n<div><\/div>\n","protected":false},"excerpt":{"rendered":"<div>Talpa : 750 ml<\/div>\n<div>Italija<\/div>\n","protected":false},"featured_media":1814,"comment_status":"open","ping_status":"closed","template":"","meta":{"ocean_post_layout":"","ocean_both_sidebars_style":"","ocean_both_sidebars_content_width":0,"ocean_both_sidebars_sidebars_width":0,"ocean_sidebar":"0","ocean_second_sidebar":"0","ocean_disable_margins":"enable","ocean_add_body_class":"","ocean_shortcode_before_top_bar":"","ocean_shortcode_after_top_bar":"","ocean_shortcode_before_header":"","ocean_shortcode_after_header":"","ocean_has_shortcode":"","ocean_shortcode_after_title":"","ocean_shortcode_before_footer_widgets":"","ocean_shortcode_after_footer_widgets":"","ocean_shortcode_before_footer_bottom":"","ocean_shortcode_after_footer_bottom":"","ocean_display_top_bar":"default","ocean_display_header":"default","ocean_header_style":"","ocean_center_header_left_menu":"0","ocean_custom_header_template":"0","ocean_custom_logo":0,"ocean_custom_retina_logo":0,"ocean_custom_logo_max_width":0,"ocean_custom_logo_tablet_max_width":0,"ocean_custom_logo_mobile_max_width":0,"ocean_custom_logo_max_height":0,"ocean_custom_logo_tablet_max_height":0,"ocean_custom_logo_mobile_max_height":0,"ocean_header_custom_menu":"0","ocean_menu_typo_font_family":"0","ocean_menu_typo_font_subset":"","ocean_menu_typo_font_size":0,"ocean_menu_typo_font_size_tablet":0,"ocean_menu_typo_font_size_mobile":0,"ocean_menu_typo_font_size_unit":"px","ocean_menu_typo_font_weight":"","ocean_menu_typo_font_weight_tablet":"","ocean_menu_typo_font_weight_mobile":"","ocean_menu_typo_transform":"","ocean_menu_typo_transform_tablet":"","ocean_menu_typo_transform_mobile":"","ocean_menu_typo_line_height":0,"ocean_menu_typo_line_height_tablet":0,"ocean_menu_typo_line_height_mobile":0,"ocean_menu_typo_line_height_unit":"","ocean_menu_typo_spacing":0,"ocean_menu_typo_spacing_tablet":0,"ocean_menu_typo_spacing_mobile":0,"ocean_menu_typo_spacing_unit":"","ocean_menu_link_color":"","ocean_menu_link_color_hover":"","ocean_menu_link_color_active":"","ocean_menu_link_background":"","ocean_menu_link_hover_background":"","ocean_menu_link_active_background":"","ocean_menu_social_links_bg":"","ocean_menu_social_hover_links_bg":"","ocean_menu_social_links_color":"","ocean_menu_social_hover_links_color":"","ocean_disable_title":"default","ocean_disable_heading":"default","ocean_post_title":"","ocean_post_subheading":"","ocean_post_title_style":"","ocean_post_title_background_color":"","ocean_post_title_background":0,"ocean_post_title_bg_image_position":"","ocean_post_title_bg_image_attachment":"","ocean_post_title_bg_image_repeat":"","ocean_post_title_bg_image_size":"","ocean_post_title_height":0,"ocean_post_title_bg_overlay":0.5,"ocean_post_title_bg_overlay_color":"","ocean_disable_breadcrumbs":"default","ocean_breadcrumbs_color":"","ocean_breadcrumbs_separator_color":"","ocean_breadcrumbs_links_color":"","ocean_breadcrumbs_links_hover_color":"","ocean_display_footer_widgets":"default","ocean_display_footer_bottom":"default","ocean_custom_footer_template":"0"},"product_brand":[],"product_cat":[36,37],"product_tag":[353,341,354,352,331],"class_list":{"0":"post-1813","1":"product","2":"type-product","3":"status-publish","4":"has-post-thumbnail","6":"product_cat-namams","7":"product_cat-svaros-priemones","8":"product_tag-orkaites","9":"product_tag-prieziura","10":"product_tag-puodai","11":"product_tag-riebalai","12":"product_tag-valiklis","14":"entry","15":"has-media","17":"first","18":"outofstock","19":"sale","20":"shipping-taxable","21":"purchasable","22":"product-type-simple","23":"has-product-nav","24":"col","25":"span_1_of_3","26":"owp-content-center","27":"owp-thumbs-layout-horizontal","28":"owp-btn-normal","29":"owp-tabs-layout-horizontal","30":"has-no-thumbnails"},"_links":{"self":[{"href":"https:\/\/aivina.lt\/index.php?rest_route=\/wp\/v2\/product\/1813","targetHints":{"allow":["GET"]}}],"collection":[{"href":"https:\/\/aivina.lt\/index.php?rest_route=\/wp\/v2\/product"}],"about":[{"href":"https:\/\/aivina.lt\/index.php?rest_route=\/wp\/v2\/types\/product"}],"replies":[{"embeddable":true,"href":"https:\/\/aivina.lt\/index.php?rest_route=%2Fwp%2Fv2%2Fcomments&post=1813"}],"wp:featuredmedia":[{"embeddable":true,"href":"https:\/\/aivina.lt\/index.php?rest_route=\/wp\/v2\/media\/1814"}],"wp:attachment":[{"href":"https:\/\/aivina.lt\/index.php?rest_route=%2Fwp%2Fv2%2Fmedia&parent=1813"}],"wp:term":[{"taxonomy":"product_brand","embeddable":true,"href":"https:\/\/aivina.lt\/index.php?rest_route=%2Fwp%2Fv2%2Fproduct_brand&post=1813"},{"taxonomy":"product_cat","embeddable":true,"href":"https:\/\/aivina.lt\/index.php?rest_route=%2Fwp%2Fv2%2Fproduct_cat&post=1813"},{"taxonomy":"product_tag","embeddable":true,"href":"https:\/\/aivina.lt\/index.php?rest_route=%2Fwp%2Fv2%2Fproduct_tag&post=1813"}],"curies":[{"name":"wp","href":"https:\/\/api.w.org\/{rel}","templated":true}]}}