{"id":1549,"date":"2023-12-19T19:58:16","date_gmt":"2023-12-19T19:58:16","guid":{"rendered":"https:\/\/aivina.lt\/?product=tiande-blakstienu-tusas-galaxy-5d-115g"},"modified":"2025-07-28T20:15:17","modified_gmt":"2025-07-28T17:15:17","slug":"tiande-blakstienu-tusas-galaxy-5d-115g","status":"publish","type":"product","link":"https:\/\/aivina.lt\/?product=tiande-blakstienu-tusas-galaxy-5d-115g","title":{"rendered":"TianDe blakstien\u0173 tu\u0161as &#8222;Galaxy 5D&#8221;- 11,5g"},"content":{"rendered":"<p style=\"margin: 0px0px15px; background-attachment: scroll!important; font-family: Roboto; font-size: 16px; font-style: normal; font-weight: 400; letter-spacing: normal; text-transform: none; text-align: left;\">Blakstien\u0173 tu\u0161as &#8222;Galaxy 5D&#8221; pad\u0117s jums bet kurioje situacijoje visu 100%!<br \/>\n<span class=\"text_exposed_show\" style=\"background-attachment: scroll!important;\">Vienu metu atlieka penki\u0173 produkt\u0173 funkcijas!<\/span><\/p>\n<ul style=\"margin-top: 0px; margin-bottom: 10px; background-attachment: scroll!important; font-family: Roboto; font-size: 16px; font-style: normal; font-weight: 400; letter-spacing: normal; text-transform: none; text-align: left;\">\n<li style=\"background-attachment: scroll!important;\">Apimtis.<\/li>\n<li style=\"background-attachment: scroll!important;\"><span class=\"text_exposed_show\" style=\"background-attachment: scroll!important;\">Idealus atskyrimas &#8211; \u0161epet\u0117lis atskiria net trumpas blakstienas.<\/span><\/li>\n<li style=\"background-attachment: scroll!important;\"><span class=\"text_exposed_show\" style=\"background-attachment: scroll!important;\">Riestumas &#8211; i\u0161lieka vis\u0105 dien\u0105.<\/span><\/li>\n<li style=\"background-attachment: scroll!important;\"><span class=\"text_exposed_show\" style=\"background-attachment: scroll!important;\">Ne\u012ftik\u0117tinas ilgis &#8211; prailgina kiekvien\u0105 blakstien\u0105, sukuria prabangi\u0105 i\u0161vaizd\u0105.<\/span><\/li>\n<li style=\"background-attachment: scroll!important;\"><span class=\"text_exposed_show\" style=\"background-attachment: scroll!important;\">Kruop\u0161ti prie\u017ei\u016bra &#8211; J\u016bs\u0173 blakstienos atrodo puikiai, jos mink\u0161tos, erdvios ir gerai pri\u017ei\u016br\u0117tos.<\/span><\/li>\n<li><\/li>\n<\/ul>\n<p style=\"margin: 0px0px15px; background-attachment: scroll!important; font-family: Roboto; font-size: 16px; font-style: normal; font-weight: 400; letter-spacing: normal; text-transform: none; text-align: left;\">Naudojimas: priklausomai nuo pageidaujamo rezultato u\u017etepkite nuo vieno iki keli\u0173 sluoksni\u0173, atsargiai padengiant nuo blakstien\u0173 augimo prad\u017eios.<\/p>\n","protected":false},"excerpt":{"rendered":"<p>Rekomenduoj\u0173 asmeni\u0161kai\u2764\ufe0f i\u0161bandyti \u0161it\u0105 aki\u0173 tu\u0161\u0105.<\/p>\n","protected":false},"featured_media":1547,"comment_status":"open","ping_status":"closed","template":"","meta":{"ocean_post_layout":"","ocean_both_sidebars_style":"","ocean_both_sidebars_content_width":0,"ocean_both_sidebars_sidebars_width":0,"ocean_sidebar":"0","ocean_second_sidebar":"0","ocean_disable_margins":"enable","ocean_add_body_class":"","ocean_shortcode_before_top_bar":"","ocean_shortcode_after_top_bar":"","ocean_shortcode_before_header":"","ocean_shortcode_after_header":"","ocean_has_shortcode":"","ocean_shortcode_after_title":"","ocean_shortcode_before_footer_widgets":"","ocean_shortcode_after_footer_widgets":"","ocean_shortcode_before_footer_bottom":"","ocean_shortcode_after_footer_bottom":"","ocean_display_top_bar":"default","ocean_display_header":"default","ocean_header_style":"","ocean_center_header_left_menu":"0","ocean_custom_header_template":"0","ocean_custom_logo":0,"ocean_custom_retina_logo":0,"ocean_custom_logo_max_width":0,"ocean_custom_logo_tablet_max_width":0,"ocean_custom_logo_mobile_max_width":0,"ocean_custom_logo_max_height":0,"ocean_custom_logo_tablet_max_height":0,"ocean_custom_logo_mobile_max_height":0,"ocean_header_custom_menu":"0","ocean_menu_typo_font_family":"0","ocean_menu_typo_font_subset":"","ocean_menu_typo_font_size":0,"ocean_menu_typo_font_size_tablet":0,"ocean_menu_typo_font_size_mobile":0,"ocean_menu_typo_font_size_unit":"px","ocean_menu_typo_font_weight":"","ocean_menu_typo_font_weight_tablet":"","ocean_menu_typo_font_weight_mobile":"","ocean_menu_typo_transform":"","ocean_menu_typo_transform_tablet":"","ocean_menu_typo_transform_mobile":"","ocean_menu_typo_line_height":0,"ocean_menu_typo_line_height_tablet":0,"ocean_menu_typo_line_height_mobile":0,"ocean_menu_typo_line_height_unit":"","ocean_menu_typo_spacing":0,"ocean_menu_typo_spacing_tablet":0,"ocean_menu_typo_spacing_mobile":0,"ocean_menu_typo_spacing_unit":"","ocean_menu_link_color":"","ocean_menu_link_color_hover":"","ocean_menu_link_color_active":"","ocean_menu_link_background":"","ocean_menu_link_hover_background":"","ocean_menu_link_active_background":"","ocean_menu_social_links_bg":"","ocean_menu_social_hover_links_bg":"","ocean_menu_social_links_color":"","ocean_menu_social_hover_links_color":"","ocean_disable_title":"default","ocean_disable_heading":"default","ocean_post_title":"","ocean_post_subheading":"","ocean_post_title_style":"","ocean_post_title_background_color":"","ocean_post_title_background":0,"ocean_post_title_bg_image_position":"","ocean_post_title_bg_image_attachment":"","ocean_post_title_bg_image_repeat":"","ocean_post_title_bg_image_size":"","ocean_post_title_height":0,"ocean_post_title_bg_overlay":0.5,"ocean_post_title_bg_overlay_color":"","ocean_disable_breadcrumbs":"default","ocean_breadcrumbs_color":"","ocean_breadcrumbs_separator_color":"","ocean_breadcrumbs_links_color":"","ocean_breadcrumbs_links_hover_color":"","ocean_display_footer_widgets":"default","ocean_display_footer_bottom":"default","ocean_custom_footer_template":"0"},"product_brand":[],"product_cat":[29,27],"product_tag":[],"class_list":{"0":"post-1549","1":"product","2":"type-product","3":"status-publish","4":"has-post-thumbnail","6":"product_cat-akys","7":"product_cat-makiazas","9":"entry","10":"has-media","12":"first","13":"outofstock","14":"shipping-taxable","15":"purchasable","16":"product-type-simple","17":"has-product-nav","18":"col","19":"span_1_of_3","20":"owp-content-center","21":"owp-thumbs-layout-horizontal","22":"owp-btn-normal","23":"owp-tabs-layout-horizontal"},"_links":{"self":[{"href":"https:\/\/aivina.lt\/index.php?rest_route=\/wp\/v2\/product\/1549","targetHints":{"allow":["GET"]}}],"collection":[{"href":"https:\/\/aivina.lt\/index.php?rest_route=\/wp\/v2\/product"}],"about":[{"href":"https:\/\/aivina.lt\/index.php?rest_route=\/wp\/v2\/types\/product"}],"replies":[{"embeddable":true,"href":"https:\/\/aivina.lt\/index.php?rest_route=%2Fwp%2Fv2%2Fcomments&post=1549"}],"wp:featuredmedia":[{"embeddable":true,"href":"https:\/\/aivina.lt\/index.php?rest_route=\/wp\/v2\/media\/1547"}],"wp:attachment":[{"href":"https:\/\/aivina.lt\/index.php?rest_route=%2Fwp%2Fv2%2Fmedia&parent=1549"}],"wp:term":[{"taxonomy":"product_brand","embeddable":true,"href":"https:\/\/aivina.lt\/index.php?rest_route=%2Fwp%2Fv2%2Fproduct_brand&post=1549"},{"taxonomy":"product_cat","embeddable":true,"href":"https:\/\/aivina.lt\/index.php?rest_route=%2Fwp%2Fv2%2Fproduct_cat&post=1549"},{"taxonomy":"product_tag","embeddable":true,"href":"https:\/\/aivina.lt\/index.php?rest_route=%2Fwp%2Fv2%2Fproduct_tag&post=1549"}],"curies":[{"name":"wp","href":"https:\/\/api.w.org\/{rel}","templated":true}]}}